 {"id":52,"date":"2021-12-15T07:46:26","date_gmt":"2021-12-15T06:46:26","guid":{"rendered":"http:\/\/lebureauscenique.com\/?page_id=52"},"modified":"2023-12-08T16:32:29","modified_gmt":"2023-12-08T15:32:29","slug":"mentions-legales","status":"publish","type":"page","link":"https:\/\/lebureauscenique.com\/index.php\/mentions-legales\/","title":{"rendered":"Mentions l\u00e9gales \/ Politique de confidentialit\u00e9"},"content":{"rendered":"\n<p><\/p>\n\n\n\n<p><\/p>\n\n\n\n<p><\/p>\n\n\n\n<p><\/p>\n\n\n\n<p><\/p>\n\n\n\n<div class=\"wp-block-group\"><div class=\"wp-block-group__inner-container is-layout-flow wp-block-group-is-layout-flow\">\n<p class=\"has-text-align-center\"><strong>LE BUREAU SC\u00c9NIQUE<\/strong><br>8, chemin de Tison<br>86000 Poitiers<br>Micro-entrepreneur<br> SIRET- 792 245 276 00052<br>APE : 9002Z &#8211; Activit\u00e9s de soutien au spectacle vivant<\/p>\n\n\n\n<p class=\"has-text-align-left\"><strong>Edition<br><\/strong>Le site<strong>&nbsp;<a href=\"https:\/\/lebureauscenique.com\/\">https:\/\/lebureauscenique.com\/<\/a>&nbsp;<\/strong>est la propri\u00e9t\u00e9 de Cindy CLECH<\/p>\n\n\n\n<p class=\"has-text-align-left\"><strong>Responsable de publication<br><\/strong>Cindy CLECH<\/p>\n\n\n\n<p class=\"has-text-align-left\"><strong>Cr\u00e9dits<\/strong><br>Direction <br>Cindy Clech<\/p>\n\n\n\n<p class=\"has-text-align-left\"><strong>H\u00e9bergement<\/strong><br>OVH<br>dont le si\u00e8ge est situ\u00e9 \u00e0 l\u2019adresse suivante : 2 rue Kellermann 59100 Roubaix France<br>T\u00e9l\u00e9phone : 1007<br>Adresse e-mail : contact@ovh.net<\/p>\n\n\n\n<p><strong>Propri\u00e9t\u00e9 intellectuelle<br><\/strong>L\u2019ensemble du site rel\u00e8ve de la l\u00e9gislation fran\u00e7aise sur le droit d\u2019auteur et la propri\u00e9t\u00e9 intellectuelle.<\/p>\n\n\n\n<p>Toutes les marques, photographies, textes, commentaires, illustrations, images ainsi que toutes les applications informatiques qui pourraient \u00eatre utilis\u00e9es pour faire fonctionner le site www.lebureauscenique.com et plus g\u00e9n\u00e9ralement tous les \u00e9l\u00e9ments reproduits ou utilis\u00e9s sur le site www.lebureauscenique.com sont prot\u00e9g\u00e9s par les lois en vigueur au titre de la propri\u00e9t\u00e9 intellectuelle.<\/p>\n\n\n\n<p>Toute reproduction, repr\u00e9sentation, distribution, modification, retransmission, publication, utilisation ou adaptation, m\u00eame partielle, de ces diff\u00e9rents \u00e9l\u00e9ments est strictement interdite sans l\u2019accord expr\u00e8s par \u00e9crit au responsable de publication. Ces \u00e9l\u00e9ments sont la propri\u00e9t\u00e9 pleine et enti\u00e8re de l\u2019\u00e9diteur ou de ses partenaires, sauf mentions particuli\u00e8res.<\/p>\n\n\n\n<p>Cette repr\u00e9sentation ou reproduction, par quelque proc\u00e9d\u00e9 que ce soit, constitue une contrefa\u00e7on sanctionn\u00e9e par les articles L.3335-2 et suivants du Code de la propri\u00e9t\u00e9 intellectuelle. Le non-respect de cette interdiction constitue une contrefa\u00e7on pouvant engager la responsabilit\u00e9 civile et p\u00e9nale du contrefacteur. En outre, les propri\u00e9taires des contenus copi\u00e9s pourraient intenter une action en justice \u00e0 votre encontre.<\/p>\n\n\n\n<p><strong>Liens hypertextes et cookies<br><\/strong>Le Site peut contenir des liens hypertextes donnant acc\u00e8s \u00e0 d\u2019autres sites \u00e9dit\u00e9s et g\u00e9r\u00e9s par des tiers et non par <strong><a href=\"https:\/\/lebureauscenique.com\/\">https:\/\/lebureauscenique.com\/<\/a><\/strong>.<br>L\u2019\u00e9diteur ne pourra \u00eatre tenu responsable directement ou indirectement dans le cas o\u00f9 des sites tiers ne respecteraient pas les dispositions l\u00e9gales.<\/p>\n\n\n\n<p>La navigation sur le site <strong>&nbsp;<a href=\"https:\/\/lebureauscenique.com\/\">https:\/\/lebureauscenique.com\/<\/a><\/strong>&nbsp;est susceptible de provoquer l\u2019installation de cookies sur l\u2019ordinateur de l\u2019utilisateur. Un cookie est un fichier de petite taille, qui ne permet pas l\u2019identification de l\u2019utilisateur, mais qui enregistre des informations relatives \u00e0 la navigation d\u2019un ordinateur sur un site. Les donn\u00e9es ainsi obtenues visent \u00e0 faciliter la navigation ult\u00e9rieure sur le site, et ont \u00e9galement vocation \u00e0 permettre diverses mesures de fr\u00e9quentation.<\/p>\n\n\n\n<p>Le refus d\u2019installation d\u2019un cookie peut entra\u00eener l\u2019impossibilit\u00e9 d\u2019acc\u00e9der \u00e0 certains services. L\u2019utilisateur peut toutefois configurer son ordinateur pour refuser l\u2019installation des cookies.<\/p>\n\n\n\n<p><strong>Protection des donn\u00e9es personnelles<br><\/strong>Selon l\u2019article 34 de la loi fran\u00e7aise n\u00b0 78-17 du 6 janvier 1978 modifi\u00e9e en 2004 dite \u00ab&nbsp;Informatique et libert\u00e9s&nbsp;\u00bb, tout utilisateur b\u00e9n\u00e9ficie d\u2019un droit d\u2019acc\u00e8s et de rectification aux informations le concernant.<br>L\u2019utilisateur peut \u00e0 tout moment exercer son droit en adressant une demande par email \u00e0 l\u2019adresse&nbsp;<a href=\"mailto:contact@lebureauscenique.com.\">contact@lebureauscenique.com<\/a><\/p>\n\n\n\n<p><strong>Consentement<br><\/strong>En utilisant le site, vous consentez par la pr\u00e9sente \u00e0 la politique de confidentialit\u00e9 du site et acceptez ses conditions.<\/p>\n\n\n\n<p><strong>Informations collect\u00e9es<br><\/strong>Les informations personnelles collect\u00e9es que vous \u00eates invit\u00e9 \u00e0 fournir et les raisons pour lesquelles vous \u00eates invit\u00e9 \u00e0 les fournir, notamment sur le formulaire de contact, vous seront clairement indiqu\u00e9es au moment o\u00f9 elles vous seront demand\u00e9es.<\/p>\n\n\n\n<p>Si vous contactez directement l\u2019\u00e9diteur, des informations suppl\u00e9mentaires vous concernant peuvent \u00eatre transmises au site telles que votre nom, votre adresse e-mail, votre num\u00e9ro de t\u00e9l\u00e9phone, le contenu du message que vous pouvez envoyer, et toute autre information que vous pouvez choisir de fournir.<\/p>\n\n\n\n<p><strong>Comment vos informations sont utilis\u00e9es<br><\/strong>Les informations collect\u00e9es par le site font l\u2019objet de l\u2019usage suivant:<br>\u2013 D\u00e9velopper de nouvelles prestations de services,<br>\u2013 Communiquer avec vous par e-mail ou par t\u00e9l\u00e9phone,<br>\u2013 Prise de rendez-vous ou visite sur site.<\/p>\n\n\n\n<p><strong>Modification de la politique de confidentialit\u00e9<br><\/strong><a href=\"https:\/\/lebureauscenique.com\/\"><strong><a href=\"https:\/\/lebureauscenique.com\/\">https:\/\/lebureauscenique.com\/<\/a><\/strong><\/a> se r\u00e9serve le droit de modifier\u00a0de changer, de modifier ou de r\u00e9viser la pr\u00e9sente politique en tout temps.<br>En cas de changement significatif \u00e0 la pr\u00e9sente politique, cette information sera affich\u00e9e sur le site.<br>Tout changement apport\u00e9 \u00e0 la pr\u00e9sente politique de confidentialit\u00e9 prendra effet au moment de sa publication sur le site.<\/p>\n<\/div><\/div>\n\n\n\n<p><\/p>\n","protected":false},"excerpt":{"rendered":"<p>LE BUREAU SC\u00c9NIQUE8, chemin de Tison86000 PoitiersMicro-entrepreneur SIRET- 792 245 276 00052APE : 9002Z &#8211; Activit\u00e9s de soutien au spectacle vivant EditionLe site&nbsp;https:\/\/lebureauscenique.com\/&nbsp;est la propri\u00e9t\u00e9 de Cindy CLECH Responsable de publicationCindy CLECH Cr\u00e9ditsDirection Cindy Clech H\u00e9bergementOVHdont le si\u00e8ge est situ\u00e9 \u00e0 l\u2019adresse suivante : 2 rue Kellermann 59100 Roubaix FranceT\u00e9l\u00e9phone : 1007Adresse e-mail : contact@ovh.net [&hellip;]<\/p>\n","protected":false},"author":1,"featured_media":0,"parent":0,"menu_order":0,"comment_status":"closed","ping_status":"closed","template":"","meta":{"footnotes":""},"class_list":["post-52","page","type-page","status-publish","hentry"],"_links":{"self":[{"href":"https:\/\/lebureauscenique.com\/index.php\/wp-json\/wp\/v2\/pages\/52","targetHints":{"allow":["GET"]}}],"collection":[{"href":"https:\/\/lebureauscenique.com\/index.php\/wp-json\/wp\/v2\/pages"}],"about":[{"href":"https:\/\/lebureauscenique.com\/index.php\/wp-json\/wp\/v2\/types\/page"}],"author":[{"embeddable":true,"href":"https:\/\/lebureauscenique.com\/index.php\/wp-json\/wp\/v2\/users\/1"}],"replies":[{"embeddable":true,"href":"https:\/\/lebureauscenique.com\/index.php\/wp-json\/wp\/v2\/comments?post=52"}],"version-history":[{"count":8,"href":"https:\/\/lebureauscenique.com\/index.php\/wp-json\/wp\/v2\/pages\/52\/revisions"}],"predecessor-version":[{"id":550,"href":"https:\/\/lebureauscenique.com\/index.php\/wp-json\/wp\/v2\/pages\/52\/revisions\/550"}],"wp:attachment":[{"href":"https:\/\/lebureauscenique.com\/index.php\/wp-json\/wp\/v2\/media?parent=52"}],"curies":[{"name":"wp","href":"https:\/\/api.w.org\/{rel}","templated":true}]}}